{"id":33,"date":"2022-06-26T14:59:32","date_gmt":"2022-06-26T12:59:32","guid":{"rendered":"http:\/\/formaconcepts.fr\/?page_id=33"},"modified":"2022-07-28T13:25:08","modified_gmt":"2022-07-28T11:25:08","slug":"conditions-generales-de-vente-cgv","status":"publish","type":"page","link":"https:\/\/formaconcepts.fr\/index.php\/conditions-generales-de-vente-cgv\/","title":{"rendered":"Conditions G\u00e9n\u00e9rales de Vente (CGV)"},"content":{"rendered":"\n<h5 class=\"wp-block-heading\"><strong>1. GENERALITES<\/strong><\/h5>\n\n\n\n<p>Les pr\u00e9sentes conditions g\u00e9n\u00e9rales de vente (les \u00ab\u00a0CGV\u00a0\u00bb) s\u2019appliquent \u00e0 toutes les formations dispens\u00e9es par FormaConcept \u00e0 tout client (le \u00ab\u00a0Client\u00a0\u00bb). Toute r\u00e9servation de formation vaut acceptation des pr\u00e9sentes CGV par le Stagiaire ou le Client. Pour certaines prestations, des conditions particuli\u00e8res viennent modifier ou compl\u00e9ter les pr\u00e9sentes CGV.<\/p>\n\n\n\n<h5 class=\"wp-block-heading\"><strong>2. RESERVATION<\/strong><\/h5>\n\n\n\n<p>Toute r\u00e9servation doit faire l\u2019objet d\u2019une confirmation \u00e9crite.<\/p>\n\n\n\n<h5 class=\"wp-block-heading\"><strong>3. INSCRIPTION<\/strong><\/h5>\n\n\n\n<p>L&rsquo;inscription se fait sous forme d&rsquo;un bon de commande adress\u00e9 \u00e0 FormaConcept par courrier ou courriel, comportant l&rsquo;ensemble des indications suivantes:<\/p>\n\n\n\n<ul class=\"wp-block-list\"><li>Coordonn\u00e9es de la soci\u00e9t\u00e9 du Stagiaire, de la personne en charge du dossier, et de l\u2019adresse de facturation si diff\u00e9rente\u00a0;<\/li><li>Adresse e-mail et adresse postale compl\u00e8te du Stagiaire\u00a0;<\/li><li>Nom et pr\u00e9nom du Stagiaire\u00a0;<\/li><li>Intitul\u00e9 et dates du stage\u00a0;<\/li><li>En cas de financement par un Op\u00e9rateur de Comp\u00e9tence (\u00ab\u00a0OPCO\u00a0\u00bb), l\u2019indication de son nom, le num\u00e9ro d\u2019adh\u00e9rent, le num\u00e9ro de dossier.<\/li><\/ul>\n\n\n\n<p>L\u2019accord de prise en charge de l\u2019OPCO devra nous \u00eatre transmis avant le premier jour de la formation&nbsp;; \u00e0 d\u00e9faut, le Stagiaire ou le Client sera factur\u00e9 de l\u2019int\u00e9gralit\u00e9 du co\u00fbt du stage.<\/p>\n\n\n\n<h5 class=\"wp-block-heading\"><strong>4. PASSATION DE COMMANDE<\/strong><\/h5>\n\n\n\n<p>Tout Devis-Convention sign\u00e9 et cachet\u00e9 par FormaConcept vaut commande ferme et d\u00e9finitive, sous r\u00e9serve de l\u2019application du d\u00e9lai de r\u00e9tractation de 14 jours applicable en tous \u00e9tats de cause, d\u00e8s lors qu\u2019il a \u00e9t\u00e9 retourn\u00e9 au Stagiaire ou au Client par tous moyens, y compris par courriel.<\/p>\n\n\n\n<h5 class=\"wp-block-heading\"><strong>5. CONFIRMATION DE COMMANDE<\/strong><\/h5>\n\n\n\n<p>Tout Devis-Convention sign\u00e9 et cachet\u00e9 par FormaConcept vaut commande ferme et d\u00e9finitive, sous r\u00e9serve de l\u2019application du d\u00e9lai de r\u00e9tractation de 14 jours applicable en tous \u00e9tats de cause, d\u00e8s lors qu\u2019il a \u00e9t\u00e9 retourn\u00e9 au Stagiaire ou au Client par tous moyens, y compris par courriel.<\/p>\n\n\n\n<h5 class=\"wp-block-heading\"><strong>6. REPORT ANNULATION D&rsquo;UNE FORMATION EN PRESENTIEL A L&rsquo;INITIATIVE DU CLIENT<\/strong><\/h5>\n\n\n\n<p>Toute annulation ou report d\u2019inscription de la part du client doit \u00eatre signal\u00e9e et confirm\u00e9e par \u00e9crit, \u00e9tant entendu que\u00a0:<\/p>\n\n\n\n<ul class=\"wp-block-list\"><li>une annulation intervenant plus de 7 jours calendaires avant la date de la session ne donne lieu \u00e0 aucune facturation\u00a0;<\/li><li>une annulation intervenant moins de 7 jours calendaires avant le d\u00e9but de la session donne lieu \u00e0 une facturation d\u2019un montant \u00e9gal \u00e0 20% du montant d\u00fb au titre des heures de formations annul\u00e9es\u00a0;<\/li><li>un report de session ne pourra intervenir qu\u2019avec l\u2019accord pr\u00e9alable \u00e9crit de FormaConcept.<\/li><\/ul>\n\n\n\n<h5 class=\"wp-block-heading\"><strong>7. LIMITATION DE RESPONSABILITE<\/strong><\/h5>\n\n\n\n<p>La responsabilit\u00e9 de FormaConcept ne peut en aucun cas \u00eatre engag\u00e9e pour toute d\u00e9faillance technique du mat\u00e9riel, tout mauvais usage du ou des module(s) E-learning de formation ou toute cause \u00e9trang\u00e8re \u00e0 FormaConcept. La responsabilit\u00e9 de FormaConcept est limit\u00e9e \u00e0 l\u2019indemnisation des dommages directs prouv\u00e9s par le Stagiaire ou le Client. La responsabilit\u00e9 de FormaConcept est plafonn\u00e9e au montant du prix pay\u00e9 par le Client.<\/p>\n\n\n\n<h5 class=\"wp-block-heading\"><strong>8. CONVENTION DE FORMATION<\/strong><\/h5>\n\n\n\n<p>FormaConcept conclut, dans un souci de simplification des d\u00e9marches administratives, des Devis Convention. Cependant, FormaConcept peut adresser au Stagiaire ou au Client une convention de formation professionnelle d\u00e8s lors qu\u2019il en fait la demande.<\/p>\n\n\n\n<h5 class=\"wp-block-heading\"><strong>9. PRIX<\/strong><\/h5>\n\n\n\n<p>Le prix de vente des prestations de formation est exprim\u00e9 en euros nets de taxes. Ils peuvent \u00e9voluer \u00e0 tout moment. Toutefois, le prix \u00e0 payer est celui stipul\u00e9 dans le Devis-Convention.<\/p>\n\n\n\n<h5 class=\"wp-block-heading\"><strong>10. MODALITES DE PAIEMENT<\/strong><\/h5>\n\n\n\n<p>Le paiement se fait \u00e0 r\u00e9ception de la facture, par virement sur le compte dont les r\u00e9f\u00e9rences y sont pr\u00e9cis\u00e9es.<\/p>\n","protected":false},"excerpt":{"rendered":"<p>1. GENERALITES Les pr\u00e9sentes conditions g\u00e9n\u00e9rales de vente (les \u00ab\u00a0CGV\u00a0\u00bb) s\u2019appliquent \u00e0 toutes les formations dispens\u00e9es par FormaConcept \u00e0 tout client (le \u00ab\u00a0Client\u00a0\u00bb). Toute r\u00e9servation de formation vaut acceptation des pr\u00e9sentes CGV par le Stagiaire ou le Client. Pour certaines prestations, des conditions particuli\u00e8res viennent modifier ou compl\u00e9ter les pr\u00e9sentes CGV. 2. RESERVATION Toute r\u00e9servation &hellip;<\/p>\n<p class=\"read-more\"> <a class=\"\" href=\"https:\/\/formaconcepts.fr\/index.php\/conditions-generales-de-vente-cgv\/\"> <span class=\"screen-reader-text\">Conditions G\u00e9n\u00e9rales de Vente (CGV)<\/span> Lire la suite\u00a0\u00bb<\/a><\/p>\n","protected":false},"author":1,"featured_media":0,"parent":0,"menu_order":0,"comment_status":"closed","ping_status":"closed","template":"","meta":{"site-sidebar-layout":"default","site-content-layout":"default","ast-global-header-display":"","ast-main-header-display":"","ast-hfb-above-header-display":"","ast-hfb-below-header-display":"","ast-hfb-mobile-header-display":"","site-post-title":"","ast-breadcrumbs-content":"","ast-featured-img":"","footer-sml-layout":"","theme-transparent-header-meta":"","adv-header-id-meta":"","stick-header-meta":"","header-above-stick-meta":"","header-main-stick-meta":"","header-below-stick-meta":"","footnotes":""},"class_list":["post-33","page","type-page","status-publish","hentry"],"_links":{"self":[{"href":"https:\/\/formaconcepts.fr\/index.php\/wp-json\/wp\/v2\/pages\/33","targetHints":{"allow":["GET"]}}],"collection":[{"href":"https:\/\/formaconcepts.fr\/index.php\/wp-json\/wp\/v2\/pages"}],"about":[{"href":"https:\/\/formaconcepts.fr\/index.php\/wp-json\/wp\/v2\/types\/page"}],"author":[{"embeddable":true,"href":"https:\/\/formaconcepts.fr\/index.php\/wp-json\/wp\/v2\/users\/1"}],"replies":[{"embeddable":true,"href":"https:\/\/formaconcepts.fr\/index.php\/wp-json\/wp\/v2\/comments?post=33"}],"version-history":[{"count":2,"href":"https:\/\/formaconcepts.fr\/index.php\/wp-json\/wp\/v2\/pages\/33\/revisions"}],"predecessor-version":[{"id":109,"href":"https:\/\/formaconcepts.fr\/index.php\/wp-json\/wp\/v2\/pages\/33\/revisions\/109"}],"wp:attachment":[{"href":"https:\/\/formaconcepts.fr\/index.php\/wp-json\/wp\/v2\/media?parent=33"}],"curies":[{"name":"wp","href":"https:\/\/api.w.org\/{rel}","templated":true}]}}

Conditions Générales de Vente (CGV)

<h5 class="wp-block-heading"><strong>1. GENERALITES</strong></h5>



<p>Les présentes conditions générales de vente (les « CGV ») s’appliquent à toutes les formations dispensées par FormaConcept à tout client (le « Client »). Toute réservation de formation vaut acceptation des présentes CGV par le Stagiaire ou le Client. Pour certaines prestations, des conditions particulières viennent modifier ou compléter les présentes CGV.</p>



<h5 class="wp-block-heading"><strong>2. RESERVATION</strong></h5>



<p>Toute réservation doit faire l’objet d’une confirmation écrite.</p>



<h5 class="wp-block-heading"><strong>3. INSCRIPTION</strong></h5>



<p>L&rsquo;inscription se fait sous forme d&rsquo;un bon de commande adressé à FormaConcept par courrier ou courriel, comportant l&rsquo;ensemble des indications suivantes:</p>



<ul class="wp-block-list"><li>Coordonnées de la société du Stagiaire, de la personne en charge du dossier, et de l’adresse de facturation si différente ;</li><li>Adresse e-mail et adresse postale complète du Stagiaire ;</li><li>Nom et prénom du Stagiaire ;</li><li>Intitulé et dates du stage ;</li><li>En cas de financement par un Opérateur de Compétence (« OPCO »), l’indication de son nom, le numéro d’adhérent, le numéro de dossier.</li></ul>



<p>L’accord de prise en charge de l’OPCO devra nous être transmis avant le premier jour de la formation&nbsp;; à défaut, le Stagiaire ou le Client sera facturé de l’intégralité du coût du stage.</p>



<h5 class="wp-block-heading"><strong>4. PASSATION DE COMMANDE</strong></h5>



<p>Tout Devis-Convention signé et cacheté par FormaConcept vaut commande ferme et définitive, sous réserve de l’application du délai de rétractation de 14 jours applicable en tous états de cause, dès lors qu’il a été retourné au Stagiaire ou au Client par tous moyens, y compris par courriel.</p>



<h5 class="wp-block-heading"><strong>5. CONFIRMATION DE COMMANDE</strong></h5>



<p>Tout Devis-Convention signé et cacheté par FormaConcept vaut commande ferme et définitive, sous réserve de l’application du délai de rétractation de 14 jours applicable en tous états de cause, dès lors qu’il a été retourné au Stagiaire ou au Client par tous moyens, y compris par courriel.</p>



<h5 class="wp-block-heading"><strong>6. REPORT ANNULATION D&rsquo;UNE FORMATION EN PRESENTIEL A L&rsquo;INITIATIVE DU CLIENT</strong></h5>



<p>Toute annulation ou report d’inscription de la part du client doit être signalée et confirmée par écrit, étant entendu que :</p>



<ul class="wp-block-list"><li>une annulation intervenant plus de 7 jours calendaires avant la date de la session ne donne lieu à aucune facturation ;</li><li>une annulation intervenant moins de 7 jours calendaires avant le début de la session donne lieu à une facturation d’un montant égal à 20% du montant dû au titre des heures de formations annulées ;</li><li>un report de session ne pourra intervenir qu’avec l’accord préalable écrit de FormaConcept.</li></ul>



<h5 class="wp-block-heading"><strong>7. LIMITATION DE RESPONSABILITE</strong></h5>



<p>La responsabilité de FormaConcept ne peut en aucun cas être engagée pour toute défaillance technique du matériel, tout mauvais usage du ou des module(s) E-learning de formation ou toute cause étrangère à FormaConcept. La responsabilité de FormaConcept est limitée à l’indemnisation des dommages directs prouvés par le Stagiaire ou le Client. La responsabilité de FormaConcept est plafonnée au montant du prix payé par le Client.</p>



<h5 class="wp-block-heading"><strong>8. CONVENTION DE FORMATION</strong></h5>



<p>FormaConcept conclut, dans un souci de simplification des démarches administratives, des Devis Convention. Cependant, FormaConcept peut adresser au Stagiaire ou au Client une convention de formation professionnelle dès lors qu’il en fait la demande.</p>



<h5 class="wp-block-heading"><strong>9. PRIX</strong></h5>



<p>Le prix de vente des prestations de formation est exprimé en euros nets de taxes. Ils peuvent évoluer à tout moment. Toutefois, le prix à payer est celui stipulé dans le Devis-Convention.</p>



<h5 class="wp-block-heading"><strong>10. MODALITES DE PAIEMENT</strong></h5>



<p>Le paiement se fait à réception de la facture, par virement sur le compte dont les références y sont précisées.</p>

<p>1. GENERALITES Les présentes conditions générales de vente (les « CGV ») s’appliquent à toutes les formations dispensées par FormaConcept à tout client (le « Client »). Toute réservation de formation vaut acceptation des présentes CGV par le Stagiaire ou le Client. Pour certaines prestations, des conditions particulières viennent modifier ou compléter les présentes CGV. 2. RESERVATION Toute réservation &hellip;</p>
<p class="read-more"> <a class="" href="https://formaconcepts.fr/index.php/conditions-generales-de-vente-cgv/"> <span class="screen-reader-text">Conditions Générales de Vente (CGV)</span> Lire la suite »</a></p>
